{"id":1185,"date":"2022-11-14T21:18:38","date_gmt":"2022-11-15T00:18:38","guid":{"rendered":"https:\/\/isslucia-crr.infd.edu.ar\/sitio\/?page_id=1185"},"modified":"2025-09-25T21:00:26","modified_gmt":"2025-09-26T00:00:26","slug":"tecnicatura-superior-en-produccion-frutihorticola","status":"publish","type":"page","link":"https:\/\/isslucia-crr.infd.edu.ar\/sitio\/tecnicatura-superior-en-produccion-frutihorticola\/","title":{"rendered":"Tecnicatura Superior en Producci\u00f3n Frutihorticola"},"content":{"rendered":"\n<p><\/p>\n\n\n\n<figure class=\"wp-block-table\"><table><tbody><tr><td colspan=\"5\"><strong>1 <sup>er<\/sup> A\u00f1o<\/strong><strong><\/strong><\/td><\/tr><tr><td><strong>&nbsp;<\/strong><\/td><td><strong>Unidad Curricular<\/strong><\/td><td><strong>R\u00e9gimen<\/strong><\/td><td><strong>Formato<\/strong><\/td><td><strong>Horas Did\u00e1ctica<\/strong><\/td><\/tr><tr><td><strong>1<\/strong><\/td><td>RELACI\u00d3N ESTADO Y SOCIEDAD<\/td><td>Cuatrimestral<\/td><td>&nbsp;<\/td><td>4 horas<\/td><\/tr><tr><td><strong>2<\/strong><\/td><td>MORFOFISIOLOG\u00cdA ANIMAL<\/td><td>Anual<\/td><td>&nbsp;<\/td><td>5 horas<\/td><\/tr><tr><td><strong>3<\/strong><\/td><td>CULTURA Y COMUNICACI\u00d3N CONTEMPOR\u00c1NEA<\/td><td>Cuatrimestral<\/td><td>&nbsp;<\/td><td>4 horas<\/td><\/tr><tr><td><strong>4<\/strong><\/td><td>MORFOFISIOLOG\u00cdA VEGETAL<\/td><td>Anual<\/td><td>&nbsp;<\/td><td>5 horas<\/td><\/tr><tr><td><strong>5<\/strong><\/td><td>SOCIOLOG\u00cdA Y ECONOM\u00cdA AGRARIA<\/td><td>Cuatrimestral<\/td><td>&nbsp;<\/td><td>4 horas<\/td><\/tr><tr><td><strong>6<\/strong><\/td><td>F\u00cdSICO-QU\u00cdMICA<\/td><td>Anual<\/td><td>&nbsp;<\/td><td>4 horas<\/td><\/tr><tr><td><strong>7<\/strong><\/td><td>MATEM\u00c1TICA Y ESTAD\u00cdSTICA APLICADA<\/td><td>Anual<\/td><td>&nbsp;<\/td><td>4 horas<\/td><\/tr><tr><td><strong>8<\/strong><\/td><td>INFORM\u00c1TICA APLICADA Y TICS<\/td><td>Anual<\/td><td>&nbsp;<\/td><td>4 horas<\/td><\/tr><tr><td><strong>9<\/strong><\/td><td>PR\u00c1CTICA PROFESIONALIZANTE I<\/td><td>Cuatrimestral<\/td><td>&nbsp;<\/td><td>4 horas<\/td><\/tr><\/tbody><\/table><\/figure>\n\n\n\n<figure class=\"wp-block-table\"><table><tbody><tr><td colspan=\"5\"><strong>2<sup>do<\/sup> A\u00f1o<\/strong><strong><\/strong><\/td><\/tr><tr><td><strong>&nbsp;<\/strong><\/td><td><strong>Unidad Curricular<\/strong><\/td><td><strong>R\u00e9gimen<\/strong><\/td><td><strong>Formato<\/strong><\/td><td><strong>Horas Did\u00e1ctica<\/strong><\/td><\/tr><tr><td><strong>11<\/strong><\/td><td>Ingl\u00e9s T\u00e9cnico<\/td><td>Cuatrimestral<\/td><td>Materia<\/td><td>4 horas<\/td><\/tr><tr><td><strong>12<\/strong><\/td><td>Seguridad Social<\/td><td>Cuatrimestral<\/td><td>Materia<\/td><td>5 horas<\/td><\/tr><tr><td><strong>13<\/strong><\/td><td>Organizaci\u00f3n y Normativa<\/td><td>Cuatrimestral<\/td><td>Materia<\/td><td>6 horas<\/td><\/tr><tr><td><strong>14<\/strong><\/td><td>Dibujo T\u00e9cnico Asistido por Computadora<\/td><td>Cuatrimestral<\/td><td>Materia<\/td><td>6 horas<\/td><\/tr><tr><td><strong>15<\/strong><\/td><td>Administraci\u00f3n del Personal<\/td><td>Cuatrimestral<\/td><td>Materia<\/td><td>4 horas<\/td><\/tr><tr><td><strong>16<\/strong><\/td><td>Higiene y Seguridad II<\/td><td>Anual<\/td><td>Materia<\/td><td>5 horas<\/td><\/tr><tr><td><strong>17<\/strong><\/td><td>Medicina Laboral y Primeros Auxilios<\/td><td>Cuatrimestral<\/td><td>Materia<\/td><td>6 horas<\/td><\/tr><tr><td><strong>18<\/strong><\/td><td>Servicios de Infraestructura<\/td><td>Cuatrimestral<\/td><td>Materia<\/td><td>6 horas<\/td><\/tr><tr><td><strong>19<\/strong><\/td><td>Aspectos Higi\u00e9nicos y Ambientales<\/td><td>Cuatrimestral<\/td><td>Materia<\/td><td>6 horas<\/td><\/tr><tr><td><strong>20<\/strong><\/td><td>Prevenci\u00f3n en Instalaciones Especiales<\/td><td>Cuatrimestral<\/td><td>Materia<\/td><td>6 horas<\/td><\/tr><tr><td><strong>21<\/strong><\/td><td>Pr\u00e1ctica Profesional I<a><\/a><\/td><td>Cuatrimestral<\/td><td>Taller<\/td><td>6 horas<\/td><\/tr><\/tbody><\/table><\/figure>\n\n\n\n<figure class=\"wp-block-table\"><table><tbody><tr><td colspan=\"5\"><strong>3<sup>ro<\/sup> A\u00f1o<\/strong><strong><\/strong><\/td><\/tr><tr><td><strong>&nbsp;<\/strong><\/td><td><strong>Unidad Curricular<\/strong><\/td><td><strong>R\u00e9gimen<\/strong><\/td><td><strong>Formato<\/strong><\/td><td><strong>Horas Did\u00e1ctica<\/strong><\/td><\/tr><tr><td><strong>22<\/strong><\/td><td>Lenguaje y Comunicaci\u00f3n T\u00e9cnica<\/td><td>Cuatrimestral<\/td><td>Materia<\/td><td>5 horas<\/td><\/tr><tr><td><strong>23<\/strong><\/td><td>Prevenci\u00f3n Contra Incendios<\/td><td>Cuatrimestral<\/td><td>Materia<\/td><td>6 horas<\/td><\/tr><tr><td><strong>24<\/strong><\/td><td>Aspectos Preventivos<\/td><td>Cuatrimestral<\/td><td>Materia<\/td><td>6 horas<\/td><\/tr><tr><td><strong>25<\/strong><\/td><td>Acciones Seguras en el Trabajo<\/td><td>Cuatrimestral<\/td><td>Materia<\/td><td>6 horas<\/td><\/tr><tr><td><strong>26<\/strong><\/td><td>Pr\u00e1ctica Profesional II<\/td><td>Anual<\/td><td>Taller<\/td><td>7 horas<\/td><\/tr><tr><td><strong>27<\/strong><\/td><td>Legislaci\u00f3n Laboral<\/td><td>Cuatrimestral<\/td><td>Materia<\/td><td>5 horas<\/td><\/tr><tr><td><strong>28<\/strong><\/td><td>Din\u00e1mica Interpersonal<\/td><td>Cuatrimestral<\/td><td>Materia<\/td><td>5 horas<\/td><\/tr><tr><td><strong>29<\/strong><\/td><td>Proyecto Final<\/td><td>Cuatrimestral<\/td><td>Taller<\/td><td>6 horas<\/td><\/tr><tr><td><strong>30<\/strong><\/td><td>\u00c9tica y Deontolog\u00eda Profesional<\/td><td>Cuatrimestral<\/td><td>Materia<\/td><td>4 horas<\/td><\/tr><\/tbody><\/table><\/figure>\n","protected":false},"excerpt":{"rendered":"<p>1 er A\u00f1o &nbsp; Unidad Curricular R\u00e9gimen Formato Horas Did\u00e1ctica 1 RELACI\u00d3N ESTADO Y SOCIEDAD Cuatrimestral &nbsp; 4 horas 2 MORFOFISIOLOG\u00cdA ANIMAL Anual &nbsp; 5 horas 3 CULTURA Y COMUNICACI\u00d3N CONTEMPOR\u00c1NEA Cuatrimestral &nbsp; 4 horas 4 MORFOFISIOLOG\u00cdA VEGETAL Anual &nbsp; 5 horas 5 SOCIOLOG\u00cdA Y ECONOM\u00cdA AGRARIA Cuatrimestral &nbsp; 4 horas 6 F\u00cdSICO-QU\u00cdMICA Anual &nbsp; &#8230; <a title=\"Tecnicatura Superior en Producci\u00f3n Frutihorticola\" class=\"read-more\" href=\"https:\/\/isslucia-crr.infd.edu.ar\/sitio\/tecnicatura-superior-en-produccion-frutihorticola\/\" aria-label=\"More on Tecnicatura Superior en Producci\u00f3n Frutihorticola\">[+]<\/a><\/p>\n","protected":false},"author":12,"featured_media":0,"parent":0,"menu_order":0,"comment_status":"closed","ping_status":"closed","template":"","meta":[],"acf":[],"_links":{"self":[{"href":"https:\/\/isslucia-crr.infd.edu.ar\/sitio\/wp-json\/wp\/v2\/pages\/1185"}],"collection":[{"href":"https:\/\/isslucia-crr.infd.edu.ar\/sitio\/wp-json\/wp\/v2\/pages"}],"about":[{"href":"https:\/\/isslucia-crr.infd.edu.ar\/sitio\/wp-json\/wp\/v2\/types\/page"}],"author":[{"embeddable":true,"href":"https:\/\/isslucia-crr.infd.edu.ar\/sitio\/wp-json\/wp\/v2\/users\/12"}],"replies":[{"embeddable":true,"href":"https:\/\/isslucia-crr.infd.edu.ar\/sitio\/wp-json\/wp\/v2\/comments?post=1185"}],"version-history":[{"count":2,"href":"https:\/\/isslucia-crr.infd.edu.ar\/sitio\/wp-json\/wp\/v2\/pages\/1185\/revisions"}],"predecessor-version":[{"id":1378,"href":"https:\/\/isslucia-crr.infd.edu.ar\/sitio\/wp-json\/wp\/v2\/pages\/1185\/revisions\/1378"}],"wp:attachment":[{"href":"https:\/\/isslucia-crr.infd.edu.ar\/sitio\/wp-json\/wp\/v2\/media?parent=1185"}],"curies":[{"name":"wp","href":"https:\/\/api.w.org\/{rel}","templated":true}]}}