{"id":1189,"date":"2022-11-14T21:19:19","date_gmt":"2022-11-15T00:19:19","guid":{"rendered":"https:\/\/isslucia-crr.infd.edu.ar\/sitio\/?page_id=1189"},"modified":"2025-09-25T21:39:30","modified_gmt":"2025-09-26T00:39:30","slug":"tecnicatura-superior-en-desarrollo-de-software","status":"publish","type":"page","link":"https:\/\/isslucia-crr.infd.edu.ar\/sitio\/tecnicatura-superior-en-desarrollo-de-software\/","title":{"rendered":"Tecnicatura Superior en Desarrollo de Software"},"content":{"rendered":"\n<p><\/p>\n\n\n\n<figure class=\"wp-block-table\"><table><tbody><tr><td colspan=\"5\"><strong>1 <sup>er<\/sup> A\u00f1o<\/strong><strong><\/strong><\/td><\/tr><tr><td><strong>&nbsp;<\/strong><\/td><td><strong>Unidad Curricular<\/strong><\/td><td><strong>R\u00e9gimen<\/strong><\/td><td><strong>Formato<\/strong><\/td><td><strong>Horas Did\u00e1ctica<\/strong><\/td><\/tr><tr><td><strong>1<\/strong><\/td><td>ARQUITECTURA DE COMPUTADORAS<\/td><td>Cuatrimestral<\/td><td>Materia<\/td><td>4 horas<\/td><\/tr><tr><td><strong>2<\/strong><\/td><td>ESTAD\u00cdSTICA Y PROBABILIDAD<\/td><td>Cuatrimestral<\/td><td>Materia<\/td><td>4 horas<\/td><\/tr><tr><td><strong>3<\/strong><\/td><td>INFORM\u00c1TICA<\/td><td>Anual<\/td><td>Materia<\/td><td>6 horas<\/td><\/tr><tr><td><strong>4<\/strong><\/td><td>INGL\u00c9S T\u00c9CNICO<\/td><td>Anual<\/td><td>Materia<\/td><td>4 horas<\/td><\/tr><tr><td><strong>5<\/strong><\/td><td>MATEM\u00c1TICA<\/td><td>Anual<\/td><td>Materia<\/td><td>5 horas<\/td><\/tr><tr><td><strong>6<\/strong><\/td><td>OFIM\u00c1TICA<\/td><td>Cuatrimestral<\/td><td>Materia<\/td><td>6 horas<\/td><\/tr><tr><td><strong>7<\/strong><\/td><td>PR\u00c1CTICA PROFESIONALIZANTE I<\/td><td>Cuatrimestral<\/td><td>Pr\u00e1ctica<\/td><td>5 horas<\/td><\/tr><tr><td><strong>8<\/strong><\/td><td>PROGRAMACI\u00d3N<\/td><td>Cuatrimestral<\/td><td>Materia<\/td><td>5 horas<\/td><\/tr><tr><td><strong>9<\/strong><\/td><td>RELACI\u00d3N ESTADO &#8211; SOCIEDAD<\/td><td>Cuatrimestral<\/td><td>Materia<\/td><td>4 horas<\/td><\/tr><\/tbody><\/table><\/figure>\n\n\n\n<figure class=\"wp-block-table\"><table><tbody><tr><td colspan=\"5\"><strong>2<sup>do<\/sup> A\u00f1o<\/strong><strong><\/strong><\/td><\/tr><tr><td><strong>&nbsp;<\/strong><\/td><td><strong>Unidad Curricular<\/strong><\/td><td><strong>R\u00e9gimen<\/strong><\/td><td><strong>Formato<\/strong><\/td><td><strong>Horas Did\u00e1ctica<\/strong><\/td><\/tr><tr><td><strong>10<\/strong><\/td><td>ALGORITMOS Y ESTRUCTURA DE DATOS<\/td><td>Cuatrimestral<\/td><td>Materia<\/td><td>5 horas<\/td><\/tr><tr><td><strong>11<\/strong><\/td><td>BASE DE DATOS I<\/td><td>Anual<\/td><td>Materia<\/td><td>4 horas<\/td><\/tr><tr><td><strong>12<\/strong><\/td><td>CULTURA Y COMUNICACI\u00d3N CONTEMPOR\u00c1NEA<\/td><td>Cuatrimestral<\/td><td>Materia<\/td><td>4 horas<\/td><\/tr><tr><td><strong>13<\/strong><\/td><td>LABORATORIO DE PROGRAMACI\u00d3N I<\/td><td>Cuatrimestral<\/td><td>Materia<\/td><td>5 horas<\/td><\/tr><tr><td><strong>14<\/strong><\/td><td>PLANIFICACI\u00d3N INFORM\u00c1TICA<\/td><td>Cuatrimestral<\/td><td>Materia<\/td><td>6 horas<\/td><\/tr><tr><td><strong>15<\/strong><\/td><td>PRACTICA PROFESIONALIZANTE II<\/td><td>Anual<\/td><td>Pr\u00e1ctica<\/td><td>7 horas<\/td><\/tr><tr><td><strong>16<\/strong><\/td><td>SISTEMAS ADMINISTRATIVOS<\/td><td>Cuatrimestral<\/td><td>Materia<\/td><td>4 horas<\/td><\/tr><tr><td><strong>17<\/strong><\/td><td>SISTEMAS OPERATIVOS<\/td><td>Anual<\/td><td>Materia<\/td><td>4 horas<\/td><\/tr><\/tbody><\/table><\/figure>\n\n\n\n<figure class=\"wp-block-table\"><table><tbody><tr><td colspan=\"5\"><strong>3<sup>ro<\/sup> A\u00f1o<\/strong><strong><\/strong><\/td><\/tr><tr><td><strong>&nbsp;<\/strong><\/td><td><strong>Unidad Curricular<\/strong><\/td><td><strong>R\u00e9gimen<\/strong><\/td><td><strong>Formato<\/strong><\/td><td><strong>Horas Did\u00e1ctica<\/strong><\/td><\/tr><tr><td><strong>18<\/strong><\/td><td>BASE DE DATOS II<\/td><td>Anual<\/td><td>Materia<\/td><td>4 horas<\/td><\/tr><tr><td><strong>19<\/strong><\/td><td>IDENTIDAD Y DESIGUALDAD SOCIOCULTURAL<\/td><td>Cuatrimestral<\/td><td>Materia<\/td><td>4 horas<\/td><\/tr><tr><td><strong>20<\/strong><\/td><td>INGENIER\u00cdA DE SOFTWARE<\/td><td>Anual<\/td><td>Materia<\/td><td>5 horas<\/td><\/tr><tr><td><strong>21<\/strong><\/td><td>LABORATORIO DE PROGRAMACI\u00d3N II<\/td><td>Anual<\/td><td>Materia<\/td><td>6 horas<\/td><\/tr><tr><td><strong>22<\/strong><\/td><td>MARCO \u00c9TICO Y NORMATIVO DE LA PROFESI\u00d3N<\/td><td>Cuatrimestral<\/td><td>Materia<\/td><td>4 horas<\/td><\/tr><tr><td><strong>23<\/strong><\/td><td>PR\u00c1CTICA PROFESIONALIZANTES III<\/td><td>Anual<\/td><td>Pr\u00e1ctica<\/td><td>10 horas<\/td><\/tr><tr><td><strong>24<\/strong><\/td><td>PROCESOS POL\u00cdTICOS, ECON\u00d3MICOS Y EL MUNDO DEL TRABAJO<\/td><td>Cuatrimestral<\/td><td>Materia<\/td><td>4 horas<\/td><\/tr><tr><td><strong>25<\/strong><\/td><td>SEGURIDAD INFORM\u00c1TICA<\/td><td>Cuatrimestral<\/td><td>Materia<\/td><td>6 horas<\/td><\/tr><\/tbody><\/table><\/figure>\n\n\n<a class=\"wp-block-read-more\" href=\"https:\/\/isslucia-crr.infd.edu.ar\/sitio\/tecnicatura-superior-en-desarrollo-de-software\/\" target=\"_self\">http:\/\/dgescorrientes.net\/curriculares<span class=\"screen-reader-text\">: Tecnicatura Superior en Desarrollo de Software<\/span><\/a>","protected":false},"excerpt":{"rendered":"<p>1 er A\u00f1o &nbsp; Unidad Curricular R\u00e9gimen Formato Horas Did\u00e1ctica 1 ARQUITECTURA DE COMPUTADORAS Cuatrimestral Materia 4 horas 2 ESTAD\u00cdSTICA Y PROBABILIDAD Cuatrimestral Materia 4 horas 3 INFORM\u00c1TICA Anual Materia 6 horas 4 INGL\u00c9S T\u00c9CNICO Anual Materia 4 horas 5 MATEM\u00c1TICA Anual Materia 5 horas 6 OFIM\u00c1TICA Cuatrimestral Materia 6 horas 7 PR\u00c1CTICA PROFESIONALIZANTE I &#8230; <a title=\"Tecnicatura Superior en Desarrollo de Software\" class=\"read-more\" href=\"https:\/\/isslucia-crr.infd.edu.ar\/sitio\/tecnicatura-superior-en-desarrollo-de-software\/\" aria-label=\"More on Tecnicatura Superior en Desarrollo de Software\">[+]<\/a><\/p>\n","protected":false},"author":12,"featured_media":0,"parent":0,"menu_order":0,"comment_status":"closed","ping_status":"closed","template":"","meta":[],"acf":[],"_links":{"self":[{"href":"https:\/\/isslucia-crr.infd.edu.ar\/sitio\/wp-json\/wp\/v2\/pages\/1189"}],"collection":[{"href":"https:\/\/isslucia-crr.infd.edu.ar\/sitio\/wp-json\/wp\/v2\/pages"}],"about":[{"href":"https:\/\/isslucia-crr.infd.edu.ar\/sitio\/wp-json\/wp\/v2\/types\/page"}],"author":[{"embeddable":true,"href":"https:\/\/isslucia-crr.infd.edu.ar\/sitio\/wp-json\/wp\/v2\/users\/12"}],"replies":[{"embeddable":true,"href":"https:\/\/isslucia-crr.infd.edu.ar\/sitio\/wp-json\/wp\/v2\/comments?post=1189"}],"version-history":[{"count":3,"href":"https:\/\/isslucia-crr.infd.edu.ar\/sitio\/wp-json\/wp\/v2\/pages\/1189\/revisions"}],"predecessor-version":[{"id":1384,"href":"https:\/\/isslucia-crr.infd.edu.ar\/sitio\/wp-json\/wp\/v2\/pages\/1189\/revisions\/1384"}],"wp:attachment":[{"href":"https:\/\/isslucia-crr.infd.edu.ar\/sitio\/wp-json\/wp\/v2\/media?parent=1189"}],"curies":[{"name":"wp","href":"https:\/\/api.w.org\/{rel}","templated":true}]}}