{"id":727,"date":"2018-07-26T10:37:33","date_gmt":"2018-07-26T13:37:33","guid":{"rendered":"https:\/\/isslucia-crr.infd.edu.ar\/sitio\/?page_id=727"},"modified":"2025-09-23T22:19:04","modified_gmt":"2025-09-24T01:19:04","slug":"fechas-importantes","status":"publish","type":"page","link":"https:\/\/isslucia-crr.infd.edu.ar\/sitio\/estudiantes\/fechas-importantes\/","title":{"rendered":"Agenda Ciclo Lectivo 2025"},"content":{"rendered":"\n<p><strong><em><u>Agenda 2025<\/u><\/em><\/strong><\/p>\n\n\n\n<figure class=\"wp-block-table\"><table><tbody><tr><td colspan=\"2\"><strong>FEBRERO<\/strong><\/td><\/tr><tr><td>Pre-inscripci\u00f3n de alumnos\/as aspirantes a ingresar al Primer A\u00f1o en Carreras a dictarse en el Ciclo Lectivo 2023<\/td><td><strong>07 al 24<\/strong><\/td><\/tr><tr><td>Presentaci\u00f3n de Equipo Conducci\u00f3n<\/td><td><strong>14<\/strong><\/td><\/tr><tr><td>Inscripci\u00f3n a ex\u00e1menes &nbsp;turno Febrero \u2013 Marzo Ambos llamados<\/td><td><strong>14 al 19<\/strong><\/td><\/tr><tr><td>Presentaci\u00f3n de Docentes, personal administrativo y personal de divisi\u00f3n alumnado.<\/td><td><strong>17<\/strong><\/td><\/tr><tr><td>Reuni\u00f3n General Institucional<\/td><td><strong>17<\/strong><\/td><\/tr><tr><td>Curso Introductorio para los primeros a\u00f1os de todas las carreras.<\/td><td><strong>24 al 15\/03<\/strong><\/td><\/tr><tr><td>Reuniones y firma de convenio Inter Institucionales con las Esc. Asoc.<\/td><td><strong>18 al 21<\/strong><\/td><\/tr><tr><td>Ex\u00e1menes Finales turno Febrero \u2013 Marzo (1\u00b0 llamado)<\/td><td><strong>&nbsp;24\/02 al 07\/03<\/strong><\/td><\/tr><tr><td colspan=\"2\"><strong>MARZO<\/strong><\/td><\/tr><tr><td>Exposici\u00f3n de padr\u00f3n Ordinario Interinatos y Suplencias 2025<\/td><td><strong>10<\/strong><\/td><\/tr><tr><td>Ex\u00e1menes Finales turno Febrero \u2013 Marzo (2\u00b0 llamado)<\/td><td><strong>10 al 21<\/strong><\/td><\/tr><tr><td>Vencimiento del plazo para solicitar Readmisi\u00f3n de estudiantes por SIMA<\/td><td><strong>24<\/strong><\/td><\/tr><tr><td>Matriculaci\u00f3n e Inscripci\u00f3n del alumnado al cursado de las UC del 1\u00b0 cuatrimestre y anuales.<\/td><td><strong>17 al 23<\/strong><\/td><\/tr><tr><td>Reuniones de equipo docente para elaborar la planificaci\u00f3n anual<\/td><td><strong>05 al 20<\/strong><\/td><\/tr><tr><td>Presentaci\u00f3n de planificaciones y programas<\/td><td><strong>21<\/strong><\/td><\/tr><tr><td>Inicio del Primer Cuatrimestre<\/td><td><strong>25<\/strong><\/td><\/tr><tr><td colspan=\"2\"><strong>ABRIL<\/strong><\/td><\/tr><tr><td>1\u00b0 Jornada de Fortalecimiento Institucional<\/td><td><strong>01al 15<\/strong><\/td><\/tr><tr><td>Inscripci\u00f3n a Mesas de Ex\u00e1menes Mayo<\/td><td><strong>23 al 25<\/strong><\/td><\/tr><tr><td>Finalizaci\u00f3n del plazo m\u00e1ximo de presentaci\u00f3n de la solicitud de reconocimiento de equivalencias de UC<\/td><td><strong>30<\/strong><\/td><\/tr><tr><td colspan=\"2\"><strong>MAYO<\/strong><\/td><\/tr><tr><td>Mesas de Ex\u00e1menes Turno extra ordinario Mayo<\/td><td><strong>05 al 09<\/strong><\/td><\/tr><tr><td>Inscripci\u00f3n de aspirantes a cargos docentes (no directivos) y horas c\u00e1tedra para el ciclo lectivo 20<a><\/a>26<\/td><td><strong>02 al 30<\/strong><\/td><\/tr><tr><td colspan=\"2\"><strong>JUNIO<\/strong><\/td><\/tr><tr><td>2\u00b0 Jornada de Fortalecimiento Institucional<\/td><td><strong>03 al 13<\/strong><\/td><\/tr><tr><td>Coloquios de UC del 1\u00b0 cuatrimestre con formato taller y Seminarios<\/td><td><strong>30 al 08\/07<\/strong><\/td><\/tr><tr><td colspan=\"2\"><strong>JULIO<\/strong><\/td><\/tr><tr><td>Inscripci\u00f3n para ex\u00e1menes turno Julio &#8211; Agosto<\/td><td><strong>26 al 29<\/strong><\/td><\/tr><tr><td>Vencimiento de carga en SIMA y presentaci\u00f3n en soporte papel, de Planilla de Calificaciones con Promedio de Evaluaciones Peri\u00f3dicas y Porcentajes de Asistencias correspondientes a las UC del 1\u00b0 cuatrimestre<strong><\/strong><\/td><td><strong>11<\/strong><\/td><\/tr><tr><td>Finalizaci\u00f3n del Primer Cuatrimestre<\/td><td><strong>12<\/strong><\/td><\/tr><tr><td>Receso de Invierno, con suspensi\u00f3n total de actividades<\/td><td><strong>14 al 25<\/strong><\/td><\/tr><tr><td colspan=\"2\"><strong>AGOSTO<\/strong><\/td><\/tr><tr><td>Ex\u00e1menes Finales turno Julio \u2013 Agosto<\/td><td><strong>04 al 08<\/strong><\/td><\/tr><tr><td>Inscripci\u00f3n del alumnado para las UC del 2\u00b0 cuatrimestre<\/td><td><strong>09 al 13<\/strong><\/td><\/tr><tr><td>Iniciaci\u00f3n del Segundo Cuatrimestre<\/td><td><strong>18<\/strong><\/td><\/tr><tr><td colspan=\"2\"><strong>SEPTIEMBRE<\/strong><\/td><\/tr><tr><td>3\u00b0 Jornada de Fortalecimiento Institucional<\/td><td><strong>01al 12<\/strong><\/td><\/tr><tr><td>Inscripci\u00f3n Mesas de ex\u00e1menes Septiembre<\/td><td><strong>03 al 05<\/strong><\/td><\/tr><tr><td>Mesas de ex\u00e1menes turno extra ordinario Septiembre<\/td><td><strong>01 al 05<\/strong><\/td><\/tr><tr><td colspan=\"2\"><strong>OCTUBRE<\/strong><\/td><\/tr><tr><td>Feria&nbsp; de experiencias de formaci\u00f3n<\/td><td><strong>02 y 03<\/strong><\/td><\/tr><tr><td>Elecci\u00f3n del Centro de Estudiantes<\/td><td><strong>01 al 24<\/strong><\/td><\/tr><tr><td colspan=\"2\"><strong>NOVIEMBRE<\/strong><\/td><\/tr><tr><td>4\u00b0 Jornada de Fortalecimiento Institucional<\/td><td><strong>03 al 07<\/strong><\/td><\/tr><tr><td>Coloquios de UC del 2\u00b0 Cuatrimestre y Anuales con formato taller y seminario<\/td><td><strong>24 al 28<\/strong><\/td><\/tr><tr><td>Vencimiento de carga en SIMA y presentaci\u00f3n en soporte papel, de Planilla de Calificaciones con Promedio de Evaluaciones Peri\u00f3dicas y Porcentajes de Asistencias correspondientes a las UC del 2\u00b0 cuatrimestre y anuales<\/td><td><strong>28<\/strong><\/td><\/tr><tr><td>Finalizaci\u00f3n Segundo Cuatrimestre<\/td><td><strong>28<\/strong><\/td><\/tr><tr><td colspan=\"2\"><strong>DICIEMBRE<\/strong><\/td><\/tr><tr><td>Inscripci\u00f3n para ex\u00e1menes turno Diciembre ambos llamados<\/td><td><strong>01 al 03<\/strong><\/td><\/tr><tr><td>Plazo para la presentaci\u00f3n de las solicitudes de licencia ordinaria, descanso anual de todo el personal. Remisi\u00f3n de solicitudes de licencia anual ordinaria de los Rectores.<\/td><td><strong>02 al 06<\/strong><\/td><\/tr><tr><td>Ex\u00e1menes Finales turno Diciembre 1\u00b0 llamado<\/td><td><strong>09 al 16<\/strong><\/td><\/tr><tr><td>Ex\u00e1menes Finales turno Diciembre 2\u00b0 llamado<\/td><td><strong>17 al 23<\/strong><\/td><\/tr><tr><td>Pre-inscripci\u00f3n de alumnos\/as aspirantes a ingresar al Primer A\u00f1o en Carreras a dictarse en el Ciclo Lectivo 2024<\/td><td><strong>15 al 31<\/strong><\/td><\/tr><tr><td>Finalizaci\u00f3n del Ciclo Lectivo 2023<\/td><td><strong>23<\/strong><\/td><\/tr><\/tbody><\/table><\/figure>\n","protected":false},"excerpt":{"rendered":"<p>Agenda 2025 FEBRERO Pre-inscripci\u00f3n de alumnos\/as aspirantes a ingresar al Primer A\u00f1o en Carreras a dictarse en el Ciclo Lectivo 2023 07 al 24 Presentaci\u00f3n de Equipo Conducci\u00f3n 14 Inscripci\u00f3n a ex\u00e1menes &nbsp;turno Febrero \u2013 Marzo Ambos llamados 14 al 19 Presentaci\u00f3n de Docentes, personal administrativo y personal de divisi\u00f3n alumnado. 17 Reuni\u00f3n General Institucional &#8230; <a title=\"Agenda Ciclo Lectivo 2025\" class=\"read-more\" href=\"https:\/\/isslucia-crr.infd.edu.ar\/sitio\/estudiantes\/fechas-importantes\/\" aria-label=\"More on Agenda Ciclo Lectivo 2025\">[+]<\/a><\/p>\n","protected":false},"author":6,"featured_media":0,"parent":692,"menu_order":0,"comment_status":"closed","ping_status":"closed","template":"","meta":[],"acf":[],"_links":{"self":[{"href":"https:\/\/isslucia-crr.infd.edu.ar\/sitio\/wp-json\/wp\/v2\/pages\/727"}],"collection":[{"href":"https:\/\/isslucia-crr.infd.edu.ar\/sitio\/wp-json\/wp\/v2\/pages"}],"about":[{"href":"https:\/\/isslucia-crr.infd.edu.ar\/sitio\/wp-json\/wp\/v2\/types\/page"}],"author":[{"embeddable":true,"href":"https:\/\/isslucia-crr.infd.edu.ar\/sitio\/wp-json\/wp\/v2\/users\/6"}],"replies":[{"embeddable":true,"href":"https:\/\/isslucia-crr.infd.edu.ar\/sitio\/wp-json\/wp\/v2\/comments?post=727"}],"version-history":[{"count":11,"href":"https:\/\/isslucia-crr.infd.edu.ar\/sitio\/wp-json\/wp\/v2\/pages\/727\/revisions"}],"predecessor-version":[{"id":1373,"href":"https:\/\/isslucia-crr.infd.edu.ar\/sitio\/wp-json\/wp\/v2\/pages\/727\/revisions\/1373"}],"up":[{"embeddable":true,"href":"https:\/\/isslucia-crr.infd.edu.ar\/sitio\/wp-json\/wp\/v2\/pages\/692"}],"wp:attachment":[{"href":"https:\/\/isslucia-crr.infd.edu.ar\/sitio\/wp-json\/wp\/v2\/media?parent=727"}],"curies":[{"name":"wp","href":"https:\/\/api.w.org\/{rel}","templated":true}]}}